r - 1).
3
Suppose 2*s = -0*s. Suppose s*t = t + 24. Let c = t - -34. List the prime factors of c.
2, 5
Let o(c) = c + 6. Let g be o(-3). Suppose 2 - g = b. List the prime factors of b/(-4) + 51/4.
13
Let a(h) = h**2 + 9*h + 6. Let g be a(-8). What are the prime factors of g/8 + (-338)/(-8)?
2, 3, 7
List the prime factors of (10 - 1)/((-1)/(-2)).
2, 3
Suppose -4*i + 2*o - 2 = 0, -3*i - 2*o = -0*o - 9. Suppose l - 4*z = -i, -3*z + 4*z = -5*l + 16. List the prime factors of (-3)/(-9) - (-23)/l.
2
Let t = 0 + 0. Suppose r + 0 - 4 = t. Suppose 17 + 59 = r*s. List the prime factors of s.
19
Suppose -a - 4*i = -3*a + 52, 5*a - 3*i - 165 = 0. List the prime factors of a.
2, 3
Let d(q) = 14*q + 5. What are the prime factors of d(4)?
61
Let z(q) = q - 3. Let g be z(0). Let a be g/4*(6 - 2). Let c = a + 14. List the prime factors of c.
11
List the prime factors of (3 + -1)*(-117)/(-6).
3, 13
Suppose -6*s + 196 = -2*s. List the prime factors of s.
7
Suppose 3*u + 32 = 4*u + 2*r, 4*u - 5*r - 128 = 0. Let y = 39 - 61. Let x = u + y. What are the prime factors of x?
2, 5
Suppose 6*f + 24 = 3*f. Let k = 19 + f. List the prime factors of k.
11
Let w(a) = 34*a - 31. What are the prime factors of w(5)?
139
Let a = 86 - 57. List the prime factors of a.
29
Suppose -2*a - 22 = -5*o - 4, 0 = -a + 1. Suppose -3*i - i = 4*b + 100, -2*i + o*b = 50. Let d = -8 - i. List the prime factors of d.
17
Let k(m) = -m**2 + 10*m - 2. Let a be k(10). Suppose 5*x = -3*r - 63, -x - 32 = 2*x - 4*r. List the prime factors of a/(-6) + (-32)/x.
3
Suppose b - 6 = -2. Suppose 26 = -b*i + 86. List the prime factors of i.
3, 5
Suppose 3*m = -14 + 59. List the prime factors of m.
3, 5
Let t = -4 + 9. Suppose 20 = t*x - 0. List the prime factors of x.
2
Let u be 2/(-8) - (-15)/(-4). Let s be (-1180)/(-36) + u/(-18). Suppose -k + s = 13. What are the prime factors of k?
2, 5
Let i = 2 - 0. Suppose -139 = 4*u - v + 87, 0 = i*u - v + 112. List the prime factors of u/(-9) + 2/3.
7
Let y be (-192)/(-33) - 6/(-33). Let x(b) = -b**2 + 8*b - 7. What are the prime factors of x(y)?
5
Let m(o) = 40*o**3 + o + 1. Let q be m(-1). List the prime factors of (-150)/q + (-6)/8.
3
Suppose 259 = d + 4*d - 3*z, 2*d = -2*z + 94. List the prime factors of d.
2, 5
Suppose 3*d - 2*d + 27 = 0. Let j = d - -38. Suppose 2*x = 25 - j. List the prime factors of x.
7
Let i(j) = 2*j - 14. List the prime factors of i(11).
2
Suppose 5*m - 7*m + 4*p + 430 = 0, 0 = -m - 3*p + 210. What are the prime factors of m?
3, 71
Suppose 0 = 2*v - 15 - 21. List the prime factors of v.
2, 3
Suppose -r + 5*f - 12 = 0, 0*r + 3 = 2*r - f. Suppose -25 = -q + r*z + 27, -2*z = -5*q + 195. List the prime factors of q.
37
Suppose 2*c = -2*c - 20. Let g = c + 9. Suppose -g*b = -2*b - 4. What are the prime factors of b?
2
Suppose -9*v + 2251 = -80. List the prime factors of v.
7, 37
What are the prime factors of ((-111)/(-3) - 3) + -3?
31
Suppose 2*p - 124 = -2*p. What are the prime factors of p?
31
Let q be 4 - 0/(1*-2). Let l be 14/10 - q/10. Suppose -x - l = -13. What are the prime factors of x?
2, 3
Let m(s) be the second derivative of s**5/20 - 11*s**4/12 + 5*s**3/3 + 13*s**2/2 + 3*s. What are the prime factors of m(10)?
13
Let h be 4/(-6)*(-3)/2. Let o(k) = 5*k**3 + 2*k - 1. What are the prime factors of o(h)?
2, 3
Suppose -2*s = 5*j - 189, 3*j + 10 = j. List the prime factors of s.
107
Suppose 4*n + 524 = 4*g, -g + 44 = 2*n - 90. Suppose 3*v - 2*d = g, -5*v + 3*d + 174 + 46 = 0. Suppose -v + 8 = -3*r. List the prime factors of r.
2, 3
Suppose -5*p + 0*p + 5 = 0. Let q be p*2 - (25 - -2). Let z = q - -37. What are the prime factors of z?
2, 3
Let f(n) = 17*n**2 - n + 1. Let k be f(1). Suppose -k = -3*q + w + 44, 2*w = q - 12. What are the prime factors of q?
2, 11
Let r = -177 + 293. List the prime factors of r.
2, 29
Suppose 2*x - 6 + 2 = 0. What are the prime factors of x?
2
List the prime factors of (0 + -5)/(-5) + 28.
29
Let r(j) = -j**3 + 10*j**2 - 5*j - 6. What are the prime factors of r(9)?
2, 3, 5
List the prime factors of ((-1281)/(-2))/(-7)*8/(-6).
2, 61
Suppose 0 = 2*i, -5*k + 0*k + 3*i + 1670 = 0. What are the prime factors of k?
2, 167
Let j(w) = w**2 - 3*w + 2. Let m(q) = 3*q + 1. Let n be m(1). Let z be j(n). Suppose 2*r = b - 12, -z*b = -b + 2*r - 72. List the prime factors of b.
2, 7
Suppose 3*r + r = b - 8, 5*b = 2*r + 58. Suppose 5*z - 32 = -b. Let j = -2 + z. What are the prime factors of j?
2
Suppose 2 = 4*p - 14. Suppose -35 = -p*u + q, q = 4*u - 4*q - 15. What are the prime factors of u?
2, 5
Suppose 0*i = 4*i - 76. Let b = i - -1. List the prime factors of b.
2, 5
Let l(y) = -13*y**2 + 3*y + 1. Let r(o) = o. Let h(f) = -l(f) + 5*r(f). Let z = 0 + 1. What are the prime factors of h(z)?
2, 7
Let c(x) = -x**3 - 6*x**2 + 2*x + 9. List the prime factors of c(-7).
2, 11
Let s(k) = 2*k - 6. Let f be s(5). Suppose 2 = 2*b - f*b + 2*q, -2*q = 3*b - 2. Suppose -2*l + l + 3 = b, -5*u + l = -32. What are the prime factors of u?
7
Let m = -2 - -2. Suppose 6 - 21 = -s + 3*z, 2*s + 4*z = m. What are the prime factors of 60/14 - s/21?
2
Suppose -5*v - 8 = 4*a - 1, 0 = a + 4*v + 10. List the prime factors of (-3)/a - 23/(-2).
2, 5
Suppose 76 = n - 5*n. Let v = 83 + n. Suppose 4*c = -5*j + 55, 5*c - v - 1 = -5*j. What are the prime factors of c?
2, 5
Suppose -g = g. Suppose 0 = 3*y - 2*x + 6*x - 23, g = y - x - 10. Let z = y - 2. List the prime factors of z.
7
Suppose -3*r + 155 + 25 = 0. List the prime factors of r.
2, 3, 5
Let s = 1 - -7. What are the prime factors of s/(-10)*(-165)/6?
2, 11
Let f(k) = k**3 + 4*k**2 + k + 3. Suppose 5*h + 6 = -9. List the prime factors of f(h).
3
Let l(v) = -3*v**2 + 13*v + 13. Let i(f) = 2*f**2 - 12*f - 13. Let r(a) = -4*i(a) - 3*l(a). What are the prime factors of r(-10)?
23
Suppose 4*o - n - 12 = 0, -4*o - 14 = -o + 5*n. Suppose -o*j + 27 + 35 = 0. What are the prime factors of j?
31
Suppose 3*l = -5*a - 4, 0*l + 3*l = -a + 4. Let v be l + -1 - (0 - 1). Let g(u) = 3*u - 2. List the prime factors of g(v).
2
Suppose -16*k + 297 = -13*k. List the prime factors of k.
3, 11
Suppose -3*c - 2*l = -579, -5*c + 2*l + 943 = -2*l. List the prime factors of c.
191
Suppose 0 - 2 = -a. Suppose -a*n + 57 = n. What are the prime factors of n?
19
Let j be 28/10*(0 + 5). Suppose s + j = 3*s. What are the prime factors of s?
7
Let q(t) be the third derivative of t**5/30 - t**4/8 - t**3/6 - t**2. List the prime factors of q(-2).
13
Suppose -4*a = 2*u, -3*u + 6*u = -3*a - 6. Let p be (2/3*-3)/a. List the prime factors of (1 - p) + 0/1.
2
Let k be 85/(-30) - 1/6. Let l = k + 5. List the prime factors of l.
2
Suppose 21 = 3*a + 3*v, 2*a + 4*v = -3*a + 30. List the prime factors of a.
2
Suppose 5*q - 3 - 2 = 0. Let o(l) = -l - 4 + 5 + 4*l**2 + 0*l. What are the prime factors of o(q)?
2
Let p(o) = -41*o + 7. List the prime factors of p(-2).
89
Let g be -56 + 0*(-2)/(-8). What are the prime factors of (-4)/7 - 1152/g?
2, 5
Suppose 2*t = 5*g + 101, 0 = -t - 4*t - 5*g + 305. What are the prime factors of t?
2, 29
Let v(r) = r**2 + 3*r - 2. Let s(j) = 5*j + 1. Let d be s(1). Let q = -4 + d. What are the prime factors of v(q)?
2
Let h be (7/2)/(-7)*0. Suppose h = -4*z - 3*l + 49, -5*l - 20 = -l. List the prime factors of z.
2
Suppose 29 = 2*d + q, 0 = -4*d - 2*q + q + 53. Suppose -48 - d = -4*n. What are the prime factors of n?
3, 5
Let x(f) = f**2 - 20*f + 9. Let z(u) = -u. Let l(m) = -x(m) + 4*z(m). List the prime factors of l(12).
3, 13
Let a(c) = 3*c - 1. Let w = 13 - 8. What are the prime factors of a(w)?
2, 7
Suppose 5*m + 4*d + 17 - 1 = 0, -4*m - 20 = 5*d. Suppose m = -4*u - u + 125. Let g = u - 14. What are the prime factors of g?
11
Let w(a) = -a + 39. What are the prime factors of w(15)?
2, 3
Suppose -3*z + 7 = -2. List the prime factors of z*(-3 - -2) - -23.
2, 5
Let r be 2/(132/63 + -2). Suppose -5*l = -3*d + r, 10 + 0 = -d - 4*l. Let n = d - -7. List the prime factors of n.
3
Let o = 4 - 6. Let f be (-3)/o*6/(-9). List the prime factors of 1 + f*(-1 + -2).
2
Let g be (-2)/(-8) - (-7)/(-28). Suppose 45 = 2*c - 2*a + 13, -3*c - 2*a + 53 = g. What are the prime factors of c?
17
What are the prime factors of (0 - 1/3)/(63/(-50652))?
2, 67
Let g be (8/(-20))/(2/10). Let s = g + 4. Suppose 0 = -s*j + 5*j - 6. What 